 (-16 - -9 - -17 - 13)?
-71
Calculate -64 - (-75 - -50) - -55.
16
(-32 - (30 - 76)) + 1 + -67 + 1
-51
What is 6 - (7 + -2 + 1 - (109 + -155 + 38))?
-8
Calculate -4 + (6 - -4) - (-38 + 69) - (-2 + 6).
-29
895 + -872 - ((4 - 0) + -41)
60
Calculate -66 - (-108 - -7) - -75.
110
Calculate 109 - (-20 + 85 + -11).
55
Evaluate 2 + 30 - (-24 - (-61 + 23)).
18
-6 + (-4 - (-2 + 38)) + (16 - 12)
-42
(8 - 3 - -1) + (-9 - (15 - 14)) - 9
-13
What is 1 + 2 + -214 + 269 + -89?
-31
What is -1 - 12 - ((-4 - (34 - 19)) + -2 + 23)?
-15
What is -13 - ((0 - -5) + -7 + -25 + 20)?
-6
Calculate -2591 + 2595 - (1 - (-75 - -1) - (3 + -2)).
-70
What is the value of -11 - (-2 + -16 + -8 + -12)?
27
-9 + 19 + -23 - -35
22
What is 2049 - 2130 - (2 + -1 + -30)?
-52
Evaluate (-5 - -10 - (5 - 8)) + (90 - (7 + -1)).
92
What is (354 + -341 - ((1 - -1) + 3)) + -59 + 1?
-50
What is the value of (9 - ((-60 - -37) + 119)) + (0 - -20)?
-67
Calculate 854 + -842 - (-3 - (3 + 15)).
33
Calculate -3 - (-51 + (-8 - -5 - ((16 - 4) + -12))).
51
Evaluate 48 + (-1 - -3) + (2 + (10 - 18) - -11).
55
(-12 - (-1 - (0 + 3 + -3))) + (28 - -53)
70
What is the value of (-10 - 12) + 3 + 18 - -42?
41
Calculate (403 - 418) + 4 + -27 + -5.
-43
What is 1 - 13 - -1 - (26 + -33 + 3 + -4)?
-3
Calculate -1 - 26 - (-22 + (-14 - 2) - -24).
-13
Evaluate (-3 - 1 - (-27 - -6 - (-19 + 14))) + -5.
7
Calculate -127 + (-2 - -1) - (65187 + -65190).
-125
What is the value of (-1 - (-73 + 11)) + -7 + (9 - (7 + 6))?
50
What is 30 + -8 + (1 - (-19 + 35))?
7
Evaluate -8 - (7 + -3 - ((17 - -1) + -4)).
2
What is the value of 15 + (-37 - (3 + -23) - -17) - -19?
34
What is 38 - (0 + 13 - (-5 - (-54 - -48)))?
26
Calculate -12 + 0 - (-112 + -29 - -212).
-83
-5 - (-46 - (14 - 37) - (-3 + (0 - 8)))
7
Evaluate 21 - (-48 - -92) - -21.
-2
Evaluate -3 + -11 - (6 - -25 - (22 + 16)).
-7
What is the value of -204 + 163 + 8 + -65?
-98
Evaluate 7 + -2 + (-15 - 43) + 23 + 7.
-23
Evaluate -12 - -97 - (-45 + 137).
-7
Calculate 5 + (-4 - 24 - -15) - (-27 - 5).
24
Evaluate (-139 - 110) + 118 - -65.
-66
What is (82 - 117) + (14 - (18 + -146))?
107
Calculate (-49 - (6 - 34)) + 71.
50
What is 18 + (4 - -15 - 21) - (-42 - -143)?
-85
Calculate 9 + 27 + (44 + -59 - (4 + (-2 - 6))).
25
Calculate -6 - (-22 - (4 - (-40 - -17))).
43
108 + (-22 + 134 - 177)
43
-19 - (10 - (-5 - -3) - (19 - 9))
-21
6 + (-4 - (9 - 9)) - -6 - (-57 - 15)
80
-55 + (2 - 0) - ((23 + -28 - -63) + -54)
-57
Evaluate -6 + (44 - 45) - -62.
55
Evaluate (-7 - -9 - 3) + -60 + (8 - 6 - -9).
-50
What is the value of ((-1 - 17) + 38 - 106 - -2) + 10?
-74
Calculate -65 - -23 - ((11 - -2) + -35).
-20
What is the value of 68 + -12 + (14 - -3 - (-106 + 112))?
67
What is the value of (30 + (-39 - (-34 + 26)) - (-123 - -1)) + 2?
123
Evaluate -23 + (45 - 52) + 32 + 16 + -1.
17
14068 - 14168 - (-1 - 133)
34
What is -5 + 40 - (-14 - 62)?
111
Evaluate 140 + -88 - (-1 - 5) - 0.
58
(2 - (2 + 0 + -5)) + -1 - (-45 - -19)
30
2 - (-6 + (4 - -39) + 10) - -7
-38
Evaluate -36 - (6 + (-1 - (13 - -9))) - (0 + 4).
-23
Evaluate 10 - (-19 + 8) - -12 - 18.
15
What is the value of 3 + (-58 - (-67 + 6) - ((2 - -9) + 0))?
-5
What is the value of (9 - -1) + 1 + (-21 - (34 + -11))?
-33
What is the value of -45 - (16 + 10) - (-9 + 2)?
-64
Calculate 5 + (-3 - -2) + -66 + -27 + 10.
-79
-28 + 10 + 20 - (6 - -1 - (-6 + 29))
18
What is 206 + (-5 - (-110 - -189))?
122
Calculate (1 + 2 - (-24 + (32 - (0 - 1)))) + 54.
48
Calculate 0 + -394 + 365 + (18 - 0) + 84.
73
Calculate 1 + ((0 - 4) + -2 - -1) - (-125 - -123).
-2
Calculate -11 + 66 + (-33 - -28).
50
Evaluate -1 + 0 - (-55 - -38) - ((-14 - -1) + 16).
13
What is the value of -45 + 19 + (-16 - 5)?
-47
Evaluate -91 + 28 + (-59 - -3) + 23.
-96
What is -4 + 6 - ((-1 - -2) + (1781 - 1674))?
-106
Calculate 17 + (61 - (138 + -81) - (-13 + 1)).
33
-88 + (10 + -16 - (25 + -33))
-86
Calculate 25 + 11 + (-31 - 6) - 36.
-37
Evaluate -71 + 45 + -31 + 18 + -7.
-46
Calculate 9 + -12 - (-4 - (7 - 17) - -11).
-20
What is the value of (-1 - (-2 + -20)) + 20 + -31 + -7 + 12?
15
What is 578 + -517 + -124 + 2?
-61
What is the value of (68 - (-118 + 129)) + 1 + -22?
36
Evaluate 20 + (18 - 18) + (19 - 123) - -13.
-71
What is 18 - (1 + -20 + 252 + -259)?
44
-16 + (39 - 12) + (-5 - 45) - -12
-27
Evaluate 32 - (59 + 8 + -28) - (-52 + 0 + -1).
46
(-37 - 178 - -103) + 22
-90
Evaluate -9 + 19 + -10 - -21 - 19.
2
What is 96 - (57 - (-14 - -33))?
58
Calculate -847 + 832 - ((2 - 4 - -2) + -31).
16
-900 + 902 + (-49 - 1 - (-5 - 2 - -7))
-48
Calculate 10 - (7 + -6 + -21 - (-2 - (-15 - -7))).
36
What is the value of 22 + -26 + (-12 - -23)?
7
What is -15 + -1 - (-318 + 316 + (-7 - -1)) - -11?
3
What is 24 + (61 - (100 - 61) - (-2 - -179))?
-131
Evaluate (-59 - (14 - 6)) + -5 - -5.
-67
Evaluate 104 + 19 + -78 + -101.
-56
(2 - -13 - 2) + -16 + 48
45
Calculate 27 + 1 - (-14 + 49 - 50).
43
What is the value of (16 - -5 - 0) + -14 + 9?
16
Evaluate 2 - 1 - (70 - 175 - -78) - 20.
8
What is the value of -4 - (1 - -7 - (21 - -14 - 27 - -119))?
115
What is 193 + -176 + -7 + (28 - -11)?
49
What is the value of -23 + (58 - -7 - (-11 - -3))?
50
-32 - (-13 + 26 + -2 + 14)
-57
Evaluate 2 + (8 - -1 - -2) + -31914 + 31767.
-134
What is -265 + 224 + 11 + (-1 - 5) + 5?
-31
What is 25 + -31 + 0 + 14 + 50 + -1?
57
What is the value of 8 + -12 + -20 + 12 + 10?
-2
Evaluate -32 + -5 + (1 - 0) + -4 + 10.
-30
Calculate -5 + (129 - -2) - (-61 + 85 - 29).
131
Evaluate (-61 - -34) + 49 + (20 - 19).
23
(31 + 61 - 129) + 72
35
What is 269 + (295 - 672) + (0 - 0 - -20)?
-88
48 + -6 + -25 + 19
36
Calculate 8771 + -8700 + (-166 - 0).
-95
Evaluate -833 + 889 + (-98 - -3).
-39
What is the value of -106 - 1 - (5488 + -5600)?
5
What is the value of (-12 - (-6 + 2) - (1 + 5 + -4)) + 4?
-6
What is -65 + (14 + 56 - 11)?
-6
What is the value of -1 + (-3 - -5 - (25 + -18)) + 2 + -38?
-42
What is the value of -21 - 52 - (9 - (25 + 0))?
-57
(-21 - (-52 - -32)) + (-7 - -11)
3
What is 15 + 46 + -8 + -87?
-34
Calculate 6 + -38 + 37 - (-2 - -3 - 70).
74
Calculate 121 + -7 + (-27 - -11 - (-13 - -8)).
103
What is 22 - (-12 - 13 - 4) - -2?
53
Evaluate 1 + (-3 - 27) + 45 + -14 + 20 + -43.
-21
What is the value of (24 - (35 - 9)) + (1 - (-5 - -1)) - -66?
69
25 + 26 + -9 - (13 - 3)
32
-1 + (-1 - 21) - (8 + 13 + -9)
-35
Evaluate -70 + 32 - -20 - (0 - -30).
-48
Calculate (8069 - 8023) + (4 - (1 + 2)) + -2.
45
-73 + (1 - 17 - (-83 - -79)) + 19
-66
What is the value of 241 + (4 - 131 - -3)?
117
-23 + (-23 - 29) + 39
-36
16 + (5 - (-19 + -2)) + 24
66
Evaluate (-33 - -2) + (0 - 7) + -9.
-47
-24 - ((17 + 1 - 11) + -13 - 5)
-13
Calculate (21 + (-22 - -37) - 40) + (15 - -2).
13
What is the value of (53 - (17 + 42)) + -11 + 0 - -113?
96
Evaluate -65 + (179 + -57 - 1).
56
Evaluate 35 - (29 - 31) - (-11 - -4).
44
-12 + 2 + 2309 + -2289
10
What is the value of 0 + -5 - ((27 - (-6 - -1)) + (-215 - -222))?
-44
Calculate (5 - ((-13 - 0) + 14)) + -6.
-2
What is 156 - 172 - (3 + 30 + -1)?
-48
What is the value of (1 - (-26 + -1)) + 262 + (-31 - 226)?
33
Calculate -26 + 52 - 9 - (2 + 1).
14
What is the value of 0 + 30 + -43 + 24 + (-2 - -4)?
13
Evaluate -73 + (-147 + 126 - (12 + 0)).
-106
What is the value of 2 + (9 + -10 - (0 - 39)) + (-1311 - -1320)?
49
What is 9 + (-2 + 7 - 2 - (-3 + -31)) + 3?
49
Calculate (808 - 806) + (-1 - 1 - 9).
-9
-73 - (-183 + 40 + -34) - (-8 + (2 - 1))
111
Evaluate 42 - (-34 + (123 - -38) + -11).
-74
What is the value of -9 - (1 - 38 - ((47 - 56) + -13))?
6
What is -10 + -3 + 6 + 2 + 5 + 127 + -117?
10
-52 - (-2 + 67 - 35)
-82
-16 + 0 - (-7 + -25) - -5
21
What is 0 + -5 - 6 - (-7 - -29 - 35)?
2
What is 35 + (-7 - (-25 + 29)) - 120?
-96
(-7 - 0) + (37 - -63 - 84)
9
-23 - (15 - 28 - 7 - -3)
-6
-22 - (68 + -31 - 94)
35
What is the value of -48 + -13 + (-34 - -8 - -51)?
-36
What is (-34 - -1) + 220 + (39 - 206)?
20
What is 1204 - 1212 - (0 - 1) - (54 + (10 - 5))?
-66
Evaluate 3 + 2 + 4 + -7 + -62 + -29 + -2.
-91
What is the value of -22 - (-4 + -2) - 2 - (-12 + 9 + 7)?
-22
Evaluate -3 + -9 + 2239 + -2211.
16
Calculate 1 + (0 - -14) + (24 - (56 + (-9 - 36))).
28
Evaluate -4 + 83 + -1531 + 1498.
46
What is -60 + 30 - ((13 - 4) + -16) - 10?
-33
6 - ((13 + -7 - 20) + 5)
15
What is 73 - (53 - 181 - -275)?
-74
Evaluate -49 + 29 + 69 + 10.
59
What is the value of 